 a factor of 1036?
False
Does 48 divide 75120?
True
Is 1530 a multiple of 10?
True
Does 14 divide 3063?
False
Is 4 a factor of 24?
True
Is 4086 a multiple of 18?
True
Is 12 a factor of 6132?
True
Is 12 a factor of 76241?
False
Is 90 a factor of 6660?
True
Does 18 divide 5708?
False
Is 23 a factor of 253?
True
Is 237 a multiple of 27?
False
Does 22 divide 41514?
True
Is 90 a multiple of 15?
True
Is 18 a factor of 794?
False
Does 95 divide 8835?
True
Does 13 divide 1040?
True
Is 13 a factor of 429?
True
Does 14 divide 5306?
True
Is 2 a factor of 636?
True
Does 5 divide 6203?
False
Is 24 a factor of 739?
False
Is 1386 a multiple of 23?
False
Does 158 divide 5846?
True
Is 18 a factor of 67?
False
Is 18 a factor of 342?
True
Is 1200 a multiple of 40?
True
Is 6 a factor of 1896?
True
Is 1972 a multiple of 85?
False
Does 111 divide 3441?
True
Is 227 a factor of 3859?
True
Does 14 divide 1204?
True
Is 68 a factor of 64823?
False
Is 4424 a multiple of 79?
True
Does 2 divide 10635?
False
Is 1667 a multiple of 16?
False
Is 7199 a multiple of 43?
False
Is 12831 a multiple of 13?
True
Is 78 a factor of 19865?
False
Does 36 divide 792?
True
Does 15 divide 5520?
True
Is 80 a factor of 78160?
True
Does 13 divide 2603?
False
Does 12 divide 152?
False
Is 58 a factor of 348?
True
Does 30 divide 3978?
False
Is 62007 a multiple of 230?
False
Is 4312 a multiple of 154?
True
Does 56 divide 1824?
False
Does 101 divide 9191?
True
Is 10 a factor of 3584?
False
Does 163 divide 29639?
False
Does 94 divide 22955?
False
Does 15 divide 1725?
True
Does 21 divide 3784?
False
Does 14 divide 3178?
True
Is 525 a multiple of 54?
False
Does 27 divide 86373?
True
Does 116 divide 20656?
False
Is 337 a multiple of 10?
False
Does 3 divide 1182?
True
Is 30231 a multiple of 8?
False
Is 845 a multiple of 9?
False
Is 2195 a multiple of 47?
False
Does 5 divide 1770?
True
Does 20 divide 630?
False
Is 7530 a multiple of 251?
True
Does 8 divide 592?
True
Does 19 divide 658?
False
Does 3 divide 3195?
True
Is 47 a factor of 94?
True
Is 243 a multiple of 9?
True
Does 32 divide 11584?
True
Does 9 divide 81788?
False
Does 155 divide 19375?
True
Does 143 divide 29887?
True
Does 110 divide 16280?
True
Is 13640 a multiple of 3?
False
Is 983 a multiple of 58?
False
Is 56 a factor of 2408?
True
Does 98 divide 1755?
False
Is 6536 a multiple of 86?
True
Is 3800 a multiple of 5?
True
Is 84535 a multiple of 29?
True
Is 10 a factor of 1113?
False
Is 11 a factor of 946?
True
Is 903 a multiple of 5?
False
Is 318 a multiple of 30?
False
Is 47 a factor of 10152?
True
Is 109 a factor of 8393?
True
Is 73 a factor of 4196?
False
Does 29 divide 16843?
False
Is 4118 a multiple of 4?
False
Is 4 a factor of 112?
True
Is 99 a factor of 8617?
False
Is 3639 a multiple of 4?
False
Is 3 a factor of 657?
True
Is 1631 a multiple of 7?
True
Does 18 divide 1331?
False
Does 52 divide 3324?
False
Does 18 divide 426?
False
Does 10 divide 1263?
False
Is 20 a factor of 2080?
True
Is 43 a factor of 1065?
False
Does 10 divide 9282?
False
Does 3 divide 174?
True
Is 3556 a multiple of 161?
False
Is 40359 a multiple of 16?
False
Is 187 a multiple of 5?
False
Is 10 a factor of 148?
False
Is 362 a multiple of 5?
False
Is 18 a factor of 22482?
True
Does 7 divide 816?
False
Is 81 a factor of 907?
False
Does 6 divide 87?
False
Is 41 a factor of 697?
True
Is 3 a factor of 784?
False
Is 86835 a multiple of 15?
True
Is 57 a factor of 1596?
True
Does 24 divide 507?
False
Does 2 divide 143?
False
Does 24 divide 221?
False
Is 15 a factor of 195?
True
Is 8835 a multiple of 93?
True
Is 6819 a multiple of 21?
False
Does 15 divide 413?
False
Does 61 divide 106?
False
Is 4291 a multiple of 7?
True
Does 37 divide 2028?
False
Is 19057 a multiple of 27?
False
Is 3000 a multiple of 30?
True
Is 13 a factor of 988?
True
Is 10185 a multiple of 10?
False
Is 130 a factor of 54968?
False
Does 109 divide 5668?
True
Does 129 divide 1419?
True
Is 780 a multiple of 13?
True
Does 4 divide 56?
True
Is 3 a factor of 54?
True
Is 5358 a multiple of 141?
True
Is 61 a factor of 285?
False
Does 125 divide 7159?
False
Is 13 a factor of 702?
True
Is 39 a factor of 1015?
False
Is 2706 a multiple of 82?
True
Is 1164 a multiple of 31?
False
Is 55 a factor of 220?
True
Is 882 a multiple of 18?
True
Is 16 a factor of 704?
True
Is 2709 a multiple of 9?
True
Is 20 a factor of 920?
True
Is 3 a factor of 237?
True
Is 37 a factor of 30590?
False
Is 21 a factor of 21857?
False
Does 5 divide 4285?
True
Does 11 divide 583?
True
Does 9 divide 1385?
False
Does 8 divide 1664?
True
Is 13 a factor of 505?
False
Is 12 a factor of 696?
True
Does 22 divide 6693?
False
Does 77 divide 11627?
True
Is 10 a factor of 1940?
True
Does 43 divide 8218?
False
Does 23 divide 10143?
True
Does 12 divide 1271?
False
Does 55 divide 14520?
True
Is 10 a factor of 203?
False
Is 228 a factor of 54264?
True
Is 5 a factor of 5003?
False
Does 211 divide 17724?
True
Is 31 even?
False
Is 7 a factor of 343?
True
Does 20 divide 9280?
True
Is 18777 a multiple of 33?
True
Is 1882 a multiple of 39?
False
Is 1110 a multiple of 5?
True
Does 3 divide 297?
True
Is 35 a factor of 2224?
False
Is 12 a factor of 3694?
False
Is 55 a factor of 2858?
False
Is 19 a factor of 2332?
False
Is 7038 a multiple of 51?
True
Is 1012 a multiple of 46?
True
Is 43 a factor of 106296?
True
Does 14 divide 88?
False
Is 40 a factor of 8200?
True
Is 11914 a multiple of 18?
False
Is 13 a factor of 10404?
False
Is 7532 a multiple of 231?
False
Does 3 divide 1031?
False
Is 33 a factor of 16020?
False
Does 59 divide 9919?
False
Is 4576 a multiple of 104?
True
Does 60 divide 1654?
False
Does 29 divide 377?
True
Does 14 divide 2077?
False
Is 176 a factor of 31685?
False
Is 2 a factor of 506?
True
Is 12792 a multiple of 18?
False
Does 82 divide 1683?
False
Does 3 divide 2672?
False
Does 10 divide 672?
False
Does 160 divide 81398?
False
Is 133 a factor of 23296?
False
Is 110523 a multiple of 21?
True
Is 63 a factor of 1260?
True
Is 87 a factor of 6873?
True
Does 18 divide 4565?
False
Is 607 a multiple of 9?
False
Does 60 divide 660?
True
Does 12 divide 420?
True
Is 1644 a multiple of 17?
False
Does 109 divide 2616?
True
Is 208 a multiple of 6?
False
Is 402 a multiple of 10?
False
Is 23446 a multiple of 101?
False
Is 15 a factor of 1920?
True
Does 16 divide 1248?
True
Does 38 divide 39806?
False
Is 4 a factor of 254?
False
Is 20439 a multiple of 13?
False
Does 3 divide 4725?
True
Does 13 divide 18967?
True
Is 63 a factor of 3591?
True
Is 5704 a multiple of 31?
True
Is 4 a factor of 1744?
True
Does 14 divide 20272?
True
Is 18 a factor of 11755?
False
Does 13 divide 3341?
True
Is 15 a factor of 1275?
True
Is 12 a factor of 213?
False
Does 18 divide 306?
True
Is 108 a factor of 45144?
True
Does 24 divide 42000?
True
Is 10 a factor of 23?
False
Is 17 a factor of 13972?
False
Is 6 a factor of 228?
True
Is 635 a multiple of 9?
False
Does 13 divide 921?
False
Is 28 a factor of 588?
True
Does 81 divide 9336?
False
Is 15 a factor of 180?
True
Does 12 divide 600?
True
Is 6 a factor of 2790?
True
Is 476 a multiple of 68?
True
Is 30 a factor of 510?
True
Is 1716 a multiple of 10?
False
Does 6 divide 2622?
True
Is 13 a factor of 22880?
True
Is 18 a factor of 4787?
False
Does 24 divide 6895?
False
Is 451 a multiple of 18?
False
Is 12361 a multiple of 13?
False
Is 16 a factor of 1501?
False
Is 15648 a multiple of 32?
True
Is 15906 a multiple of 241?
True
Is 2 a factor of 628?
True
Is 28 a factor of 39228?
True
Does 201 divide 14271?
True
Is 26 a factor of 1623?
False
Is 1064 a multiple of 14?
True
Is 36225 a multiple of 21?
True
Is 11459 a multiple of 18?
False
Is 67681 a multiple of 14?
False
Does 62 divide 18290?
True
Does 18 divide 649?
False
Does 3 divide 361?
False
Is 2554 a multiple of 17?
False
Is 18187 a multiple of 19?
False
Does 40 divide 960?
True
Does 12 divide 38172?
True
Is 10505 a multiple of 191?
True
Is 1372 a multiple of 62?
False
Is 16 a factor of 39792?
True
Is 6308 a multiple of 19?
True
Is 7 a factor of 8884?
False
Does 20 divide 2065?
False
Is 217 a multiple of 17?
False
Is 9 a factor of 60147?
True
Is 7482 a multiple of 26?
False
Is 18 a factor of 658?
False
Is 59 a factor of 2267?
False
Is 6388 a multiple of 9?
False
Is 4 a factor of 500?
True
Is